*v - 18032. Calculate o(42).
-14
Let s(j) = -652*j + 5214. Calculate s(8).
-2
Let o(b) = -10*b + 27. Calculate o(-2).
47
Let a(t) = -3*t + 190. Determine a(45).
55
Let i(m) = -140*m + 2382. Calculate i(10).
982
Let p(y) = -50*y + 310. What is p(2)?
210
Let b(k) = 4*k**3 - 19*k**2 + 6*k + 29. Give b(4).
5
Let n(u) = 41*u - 405. Determine n(11).
46
Let i(y) = y**3 + 12*y**2 - 18*y - 226. Give i(-9).
179
Let o(i) = i**3 - 15*i**2 - 253*i + 2. Determine o(-10).
32
Let h(r) = 7206*r + 57639. Give h(-8).
-9
Let x(v) = 3*v**2 - 18*v - 99. Calculate x(10).
21
Let t(x) = x**2 + 15*x - 91. Calculate t(5).
9
Let l(f) = -8*f**2 - 555*f - 130. What is l(-69)?
77
Let i(s) = s**2 - 355*s + 12640. Give i(40).
40
Let b(n) = n**2 - 12*n + 81. Give b(9).
54
Let r(x) = -2*x**2 + 19*x + 6. Give r(10).
-4
Let m(w) = w**2 - 56*w + 197. What is m(44)?
-331
Let t(w) = w**3 - 69*w**2 + 63*w + 286. Determine t(68).
-54
Let y(v) = 24*v**2 - 2439*v - 912. Calculate y(102).
6
Let h(q) = -3*q + 63. What is h(0)?
63
Let t(g) = 15*g**3 + 17*g**2 + 33*g + 16. Give t(-1).
-15
Let x(d) = d**2 - 56*d - 314. Give x(63).
127
Let v(i) = 251*i - 6915. What is v(28)?
113
Let v(s) = -s**2 + 16*s + 59. What is v(-8)?
-133
Let b(z) = 5*z**2 - 154*z + 173. Determine b(30).
53
Let k(q) = -3*q - 353. Give k(0).
-353
Let f(k) = -13*k**2 - 534*k - 1068. Calculate f(-39).
-15
Let s(p) = 490*p - 684. Calculate s(2).
296
Let r(o) = -7*o**2 + 527*o - 3035. What is r(69)?
1
Let d(m) = 4*m**2 - 229*m + 441. Give d(2).
-1
Let x(j) = 117*j + 1750. Give x(-15).
-5
Let i(a) = -175*a - 994. Calculate i(-6).
56
Let f(h) = -58*h + 489. Calculate f(9).
-33
Let v(f) = -64*f + 1352. Give v(21).
8
Let t(d) = -d**3 + 57*d**2 + 316*d - 20835. Give t(56).
-3
Let k(f) = 19*f - 2761. Determine k(148).
51
Let l(u) = -u**3 + 12*u**2 + 143*u - 1659. Determine l(14).
-49
Let w(j) = 5*j**3 - 6*j**2 + 3*j + 1. Give w(1).
3
Let k(z) = -15*z**2 + 974*z + 82. Calculate k(65).
17
Let h(y) = y**2 + 58*y + 346. Give h(-9).
-95
Let t(m) = -m**3 - 106*m**2 - 196*m + 1238. Calculate t(-104).
-10
Let f(q) = -q**3 + 4*q**2 + 13*q + 5. Calculate f(-5).
165
Let t(m) = m**3 + 23*m**2 + m - 845. Determine t(-21).
16
Let d(s) = 22*s**3 + 10*s + 3. What is d(-2)?
-193
Let n(g) = g**3 + 26*g**2 - 82*g + 13. What is n(-29)?
-132
Let v(y) = -4546*y - 222752. What is v(-49)?
2
Let c(i) = -5*i**2 + 47*i - 13. Calculate c(9).
5
Let o(x) = -x**3 - 30*x**2 - 19*x - 599. Calculate o(-30).
-29
Let h(m) = -m**2 + 43*m - 14. Determine h(43).
-14
Let h(v) = -331*v - 75141. Calculate h(-227).
-4
Let j(d) = -d**2 + 477*d + 6372. What is j(-13)?
2
Let o(m) = 9*m**2 + 38*m + 2. Calculate o(-4).
-6
Let z(q) = q**3 + 147*q + 44. Calculate z(0).
44
Let t(z) = 26*z**2 - 68*z + 69. Determine t(1).
27
Let a(l) = l**3 + 114*l**2 + 228*l + 353. Give a(-112).
-95
Let s(a) = -13*a**2 + 48*a + 15. Give s(0).
15
Let l(g) = -9*g + 112. Calculate l(22).
-86
Let s(y) = -53*y + 414. What is s(15)?
-381
Let o(f) = f**3 - 23*f**2 + 100*f - 456. Give o(19).
0
Let i(s) = -s**3 - 158*s**2 - 309*s + 499. Give i(-156).
31
Let j(l) = 482*l**2 - 2890*l - 2. Determine j(6).
10
Let n(b) = -4*b**2 - 13*b + 33. What is n(-10)?
-237
Let p(n) = -n**3 + 24*n**2 + n + 8. What is p(4)?
332
Let x(t) = -t**3 - 82*t**2 + 435*t - 1. Calculate x(-87).
-1
Let o(h) = h**3 + 66*h**2 - 62*h - 4094. Give o(-66).
-2
Let d(u) = 3*u**3 + 317*u**2 - 95*u + 1118. Determine d(-106).
-48
Let c(q) = 33*q - 98. Give c(6).
100
Let s(h) = -83*h - 1720. What is s(-21)?
23
Let q(k) = k**2 - 133*k + 1430. Determine q(12).
-22
Let q(u) = 6*u**2 - 971*u + 20418. Calculate q(137).
5
Let i(o) = 2*o**2 - 70*o + 81. Calculate i(34).
13
Let s(p) = 775*p + 48053. What is s(-62)?
3
Let l(f) = -4*f**2 + 11*f + 15. Determine l(-1).
0
Let w(o) = -2*o**3 + 94*o**2 - 1099*o - 39. Determine w(25).
-14
Let n(h) = 3*h**3 + 117*h**2 + 116*h - 23. Give n(-38).
-99
Let u(v) = v**3 - 5*v**2 - 45*v - 48. Calculate u(10).
2
Let y(b) = 4*b**2 + 16*b - 57. Determine y(12).
711
Let q(u) = -9132*u - 27381. Determine q(-3).
15
Let w(u) = 2247*u + 18053. Determine w(-8).
77
Let u(b) = -b**3 + 55*b**2 - 198*b - 310. What is u(51)?
-4
Let n(s) = 3*s**2 + 62*s + 379. Determine n(-7).
92
Let y(b) = -b**2 + 41*b + 389. Give y(-8).
-3
Let o(x) = 4*x**2 + 70*x - 46. What is o(-19)?
68
Let h(i) = 3*i**3 - 3*i**2 - 4. Determine h(3).
50
Let n(w) = w**3 - 11*w**2 - 32*w + 69. Calculate n(13).
-9
Let r(i) = i**2 + 90*i - 3307. Calculate r(28).
-3
Let o(h) = -4*h**2 - 34*h + 9. Calculate o(-11).
-101
Let a(s) = -s**3 - 7*s**2 + 35*s + 31. Calculate a(-10).
-19
Let k(l) = -6*l + 17. Give k(-13).
95
Let k(r) = -3*r**2 - 78*r - 79. Give k(-1).
-4
Let f(b) = -b**3 + 13*b**2 - 18*b + 19. Determine f(10).
139
Let s(g) = -g**3 - 9*g**2 - 28*g - 81. Determine s(-5).
-41
Let g(w) = -204*w + 6740. Calculate g(33).
8
Let h(v) = -v**3 + 13*v**2 - 62*v - 9. Give h(0).
-9
Let j(q) = -178*q - 60525. What is j(-340)?
-5
Let u(i) = 11*i**2 - 316*i - 76. Give u(29).
11
Let p(j) = -2*j**2 - 50*j + 72. Determine p(-27).
-36
Let k(v) = -v**3 - 43*v**2 - 31*v + 490. What is k(-42)?
28
Let t(i) = -41*i + 2185. Calculate t(52).
53
Let c(n) = 54*n + 75. Calculate c(-2).
-33
Let c(x) = 117*x + 6426. Determine c(-55).
-9
Let j(o) = -266*o**2 - 31386*o + 243. What is j(-118)?
7
Let l(v) = 3749*v + 18817. What is l(-5)?
72
Let n(x) = 27*x**2 + 52*x + 5. What is n(-2)?
9
Let a(z) = -27*z - 2064. What is a(-72)?
-120
Let r(n) = 2*n**3 + 12*n**2 - 26*n - 64. What is r(-7)?
20
Let l(a) = 7*a**3 + 60*a**2 + 12*a + 44. What is l(-8)?
204
Let m(y) = -1990*y - 49736. Give m(-25).
14
Let j(p) = -p**3 - 61*p**2 - 118*p - 85. Determine j(-59).
-85
Let c(x) = x**3 + 11*x**2 - 4*x + 1. What is c(-10)?
141
Let g(x) = -x**2 + 18*x + 326. What is g(32)?
-122
Let d(m) = 2*m**2 + 834*m + 4953. Calculate d(-6).
21
Let m(v) = -v**2 - 53*v - 441. Calculate m(-13).
79
Let x(n) = -n**2 - 236*n - 2248. Give x(-10).
12
Let t(q) = 165*q + 3989. Give t(-25).
-136
Let n(f) = 603*f + 3693. What is n(-6)?
75
Let i(c) = -c**2 + 3*c + 652. Calculate i(29).
-102
Let i(s) = 19*s - 145. What is i(7)?
-12
Let t(q) = 13*q**2 + 256*q + 1130. Determine t(-13).
-1
Let u(x) = x**3 + 33*x**2 + 238*x - 62. Give u(-18).
514
Let x(r) = 5*r**2 - 44*r + 48. What is x(9)?
57
Let b(v) = v**3 - 22*v**2 + v - 87. Give b(22).
-65
Let o(n) = -n**3 + 18*n**2 - 55*n + 37. What is o(16)?
-331
Let b(l) = 2*l**2 - 97*l - 58. Calculate b(49).
-9
Let q(h) = 2*h**2 - h - 1841. Calculate q(32).
175
Let y(x) = -232*x + 23175. Give y(100).
-25
Let g(u) = u**2 - 16*u - 197. Determine g(-8).
-5
Let u(z) = 16*z**2 + 14*z - 28. Calculate u(-2).
8
Let m(v) = -1079*v - 23743. Calculate m(-22).
-5
Let g(s) = 49*s**2 + 2199*s - 266. Determine g(-45).
4
Let c(u) = -12*u + 133. What is c(6)?
61
Let p(a) = -25*a + 176. Determine p(6).
26
Let j(m) = m**2 + 80*m - 349. Determine j(-85).
76
Let l(k) = 2*k**3 - 55*k**2 - 2944*k - 41. Calculate l(-27).
-14
Let v(k) = -6822*k - 109149. Determine v(-16).
3
Let a(i) = i**3 - 9*i**2 - 15*i + 37. Give a(12).
289
Let o(f) = -6*f**2 + 10*f + 63. Calculate o(4).
7
Let p(c) = 5*c**3 - 10*c**2 + 27*c - 12. What is p(2)?
42
Let w(m) = m**2 + 251*m + 14470. Determine w(-90).
-20
Let d(i) = -7*i - 659. Calculate d(-6).
-617
Let i(n) = 7*n**3 - 199*n**2 + 88*n - 172. What is i(28)?
-60
Let l(f) = -f**3 - 18*f**2 + 494*f + 8416. Calculate l(-16).
0
Let v(b) = -38*b + 373. What is v(7)?
107
Let f(r) = -r**3 + 3*r**2 + 43*r + 6. Give f(8).
30
Let a(n) = -17*n - 1545. What is a(-94)?
53
Let u(m) = -11*m**2 + 817*m - 143. What is u(74)?
79
Let a(l) = l**2 + 38*l + 50. What is a(0)?
50
Let f(h) = -385*h + 1164. Calculate f(3).
9
Let x(r) = -2*r**3 - 97*r**2 + 154*r + 188. What is x(-50)?
-12
Let k(n) = 2*n**3 + 93*n**2 + 942*n - 35. What is k(-15)?
10
Let h(v) = 4*v**2 + 155*v + 1177. Calculate h(-29).
46
Let i(j) = 2*j**2 + 19*j - 82. What is i(-14)?
44
Let n(m) = -2*m**3 - 45*m**2 - 28*m - 12. What is n(-22)?
120
Let c(y) = y**3 - 17*y**2 + 18*y - 62. Calculate c(17).
244
Let z(f) = 75*f**3 - f**2 - 3*f - 2. Determine z(-1).
-75
Let w(o) = -54*o - 355. Determine w(-7).
23
Let m(t) = -2*t**2 + 2*t - 14. Give m(14).
-378
Let p(m) = 13*m + 69. What is p(-6)?
-9
Let i(x) = 181*x + 8145. Determine i(-45).
0
Let t(x) = -x**2 